hat is the units digit of 534597084?
4
What is the hundred thousands digit of 464391384?
3
What is the millions digit of 1959622?
1
What is the hundred millions digit of 351550289?
3
What is the units digit of 1060240597?
7
What is the ten millions digit of 1144749486?
4
What is the units digit of 418319361?
1
What is the ten thousands digit of 387731972?
3
What is the thousands digit of 24906786?
6
What is the millions digit of 5429632?
5
What is the thousands digit of 336920038?
0
What is the hundred millions digit of 367196570?
3
What is the billions digit of 1309405958?
1
What is the billions digit of 3584832974?
3
What is the ten thousands digit of 513056502?
5
What is the ten millions digit of 253486298?
5
What is the millions digit of 785337332?
5
What is the units digit of 567891545?
5
What is the hundred thousands digit of 58866920?
8
What is the ten thousands digit of 1257158190?
5
What is the ten thousands digit of 4761012854?
1
What is the hundred thousands digit of 778423978?
4
What is the thousands digit of 2379646380?
6
What is the ten millions digit of 31173863?
3
What is the ten millions digit of 43477164?
4
What is the millions digit of 168874693?
8
What is the millions digit of 93339644?
3
What is the hundred millions digit of 222007419?
2
What is the thousands digit of 112500586?
0
What is the ten thousands digit of 61486862?
8
What is the tens digit of 93835200?
0
What is the ten millions digit of 91966824?
9
What is the tens digit of 883849907?
0
What is the hundreds digit of 129289388?
3
What is the hundred thousands digit of 1223068644?
0
What is the ten millions digit of 2548609131?
4
What is the hundreds digit of 72006658?
6
What is the thousands digit of 34151334?
1
What is the millions digit of 55354225?
5
What is the units digit of 24261951?
1
What is the tens digit of 33312617?
1
What is the hundred millions digit of 161225682?
1
What is the tens digit of 257470452?
5
What is the ten millions digit of 268807534?
6
What is the units digit of 86319529?
9
What is the hundred millions digit of 5021168887?
0
What is the millions digit of 170903934?
0
What is the tens digit of 33819076?
7
What is the tens digit of 520349965?
6
What is the ten millions digit of 661216182?
6
What is the hundreds digit of 392193652?
6
What is the ten thousands digit of 38965503?
6
What is the tens digit of 52786351?
5
What is the millions digit of 4453327032?
3
What is the millions digit of 37056691?
7
What is the ten millions digit of 1781396565?
8
What is the units digit of 2673225161?
1
What is the hundreds digit of 69567466?
4
What is the units digit of 7972041559?
9
What is the hundred millions digit of 6015710084?
0
What is the millions digit of 42546848?
2
What is the thousands digit of 3053575?
3
What is the millions digit of 90285705?
0
What is the hundreds digit of 526552267?
2
What is the hundreds digit of 7399007285?
2
What is the thousands digit of 52385350?
5
What is the hundred millions digit of 984662763?
9
What is the hundreds digit of 536580616?
6
What is the ten millions digit of 133421080?
3
What is the ten thousands digit of 80172576?
7
What is the tens digit of 106336802?
0
What is the hundreds digit of 90358029?
0
What is the units digit of 140314396?
6
What is the hundreds digit of 2437962321?
3
What is the tens digit of 5609823918?
1
What is the ten millions digit of 11407732?
1
What is the hundreds digit of 226615076?
0
What is the hundreds digit of 46307509?
5
What is the ten thousands digit of 21936327?
3
What is the units digit of 77050198?
8
What is the units digit of 68305352?
2
What is the tens digit of 4009871523?
2
What is the tens digit of 158225910?
1
What is the millions digit of 5321142452?
1
What is the units digit of 51654031?
1
What is the hundred thousands digit of 434630551?
6
What is the hundreds digit of 622016336?
3
What is the ten thousands digit of 854735263?
3
What is the ten thousands digit of 103323428?
2
What is the millions digit of 2992988?
2
What is the hundred thousands digit of 558541167?
5
What is the hundred millions digit of 2097849020?
0
What is the hundreds digit of 25472854?
8
What is the ten millions digit of 2370994975?
7
What is the hundred millions digit of 120743049?
1
What is the thousands digit of 546444765?
4
What is the hundred thousands digit of 588283622?
2
What is the thousands digit of 14520235?
0
What is the units digit of 40103914?
4
What is the ten millions digit of 27203418?
2
What is the millions digit of 166907847?
6
What is the hundred millions digit of 3017153503?
0
What is the hundreds digit of 5748459274?
2
What is the ten millions digit of 1869083016?
6
What is the ten thousands digit of 207435345?
3
What is the hundreds digit of 137968918?
9
What is the hundreds digit of 277451489?
4
What is the units digit of 20373906?
6
What is the thousands digit of 1703895635?
5
What is the ten millions digit of 58275120?
5
What is the thousands digit of 41850108?
0
What is the tens digit of 38283829?
2
What is the millions digit of 401552175?
1
What is the units digit of 160563242?
2
What is the millions digit of 51843178?
1
What is the hundred thousands digit of 702674075?
6
What is the hundreds digit of 58850746?
7
What is the millions digit of 974633597?
4
What is the hundred thousands digit of 238209783?
2
What is the thousands digit of 3014714?
4
What is the ten millions digit of 278763657?
7
What is the ten thousands digit of 959156015?
5
What is the tens digit of 3835030052?
5
What is the millions digit of 2783450915?
3
What is the tens digit of 434607574?
7
What is the thousands digit of 28675293?
5
What is the billions digit of 4002691994?
4
What is the hundred thousands digit of 24413170?
4
What is the hundred millions digit of 1515026823?
5
What is the ten millions digit of 118094554?
1
What is the tens digit of 4271214565?
6
What is the hundred thousands digit of 459820271?
8
What is the hundred millions digit of 571155822?
5
What is the ten thousands digit of 4698981696?
8
What is the thousands digit of 59787246?
7
What is the ten thousands digit of 1479230038?
3
What is the ten thousands digit of 63224527?
2
What is the millions digit of 36566952?
6
What is the thousands digit of 3850472061?
2
What is the tens digit of 175491905?
0
What is the tens digit of 1192234582?
8
What is the hundred millions digit of 204585007?
2
What is the hundreds digit of 2958939842?
8
What is the ten millions digit of 193968226?
9
What is the hundred thousands digit of 1234810929?
8
What is the ten thousands digit of 6887547201?
4
What is the billions digit of 8214411002?
8
What is the tens digit of 16633241?
4
What is the hundred thousands digit of 736839945?
8
What is the ten millions digit of 194785480?
9
What is the thousands digit of 87850750?
0
What is the hundreds digit of 61496106?
1
What is the millions digit of 1404518583?
4
What is the ten thousands digit of 2575561339?
6
What is the hundred thousands digit of 181108461?
1
What is the hundreds digit of 91526621?
6
What is the tens digit of 38569429?
2
What is the thousands digit of 2922124252?
4
What is the units digit of 78833639?
9
What is the hundred thousands digit of 4409714600?
7
What is the millions digit of 167832104?
7
What is the units digit of 664219645?
5
What is the tens digit of 3328611237?
3
What is the tens digit of 38967747?
4
What is the millions digit of 176727443?
6
What is the billions digit of 2856736819?
2
What is the thousands digit of 5804378912?
8
What is the hundreds digit of 124660613?
6
What is the ten thousands digit of 382586674?
8
What is the hundreds digit of 24581043?
0
What is the hundred thousands digit of 44222715?
2
What is the millions digit of 199221566?
9
What is the ten millions digit of 3110762680?
1
What is the tens digit of 65025855?
5
What is the hundred millions digit of 242051526?
2
What is the units digit of 2738294480?
0
What is the millions digit of 3065432936?
5
What is the ten millions digit of 2852122717?
5
What is the thousands digit of 2129183138?
3
What is the ten thousands digit of 123767503?
6
What is the thousands digit of 784373266?
3
What is the hundred millions digit of 217965506?
2
What is the ten thousands digit of 789669920?
6
What is the hu